 8*c + 5. Let l be j(d). Is (-6)/l + 784/10 a composite number?
False
Let y be ((-27)/(-2))/((-1)/(-4)). Let r be 0/(2/3*3). Suppose r = -z + 181 - y. Is z composite?
False
Let j(s) = 2*s**2 + 7*s - 3. Let n be 2 + -2*(-3)/2. Is j(n) composite?
True
Let g(s) = -2*s**2 + s - 1. Let o be g(1). Is o - -4 - (-4 - 3) a composite number?
True
Suppose -954 = 5*y + 2*u, 37 = -4*y + u - 734. Let n = -105 - y. Is n a composite number?
True
Is 252 + -5 - (2 - (0 - -6)) prime?
True
Suppose -4*v = 5*f - 237, 5*v - 50 = -f - 11. Is f a composite number?
True
Suppose 8*a = 4*a + 24. Suppose -3*c = -a*c + 873. Is c a composite number?
True
Let a = 3234 + -2096. Is a a prime number?
False
Suppose 0*z + 2*z - 40 = -4*o, 0 = 5*z + 5*o - 85. Is z prime?
False
Let l = 2 - 1. Let t be (-4)/(-2) - (-73)/l. Suppose -x - t = -6*x. Is x composite?
True
Let a = 6012 - 3585. Is a a composite number?
True
Let o(m) = -6*m**2 - 13 - 8*m**2 + 17*m**2 - 11*m. Is o(-7) a prime number?
True
Suppose 2*h = 4*n - 1074, -2*n = 3*h + 83 - 624. Suppose s - 2*m - 28 = 343, 2*m + 1121 = 3*s. Suppose -5*i = 3*l + 7 - n, 4*i + s = 5*l. Is l prime?
True
Suppose 4*o - 4 = 3*o. Suppose -w + 87 = t, -4*w - o*t = w - 431. Is w composite?
False
Let k(u) = -u**3 - u**2 - 4*u + 3. Let b = -15 + 10. Let n be k(b). Suppose 8*g - 4*j = 3*g + n, -5*g = -j - 117. Is g a composite number?
False
Let i(p) = 22*p**2 + 4*p. Let n be i(-2). Suppose -o + 24 = -5*m, -n = -o - 3*o + 4*m. Is o prime?
True
Suppose 5*b = -5*f + 3510, 0*f - 2*f = -3*b + 2111. Is b a composite number?
True
Let y = 27 + -5. Is y prime?
False
Suppose 0 = 2*z - 3*x - 434, 0 = 5*x - 9 + 29. Is z a composite number?
False
Suppose 4*w - 1282 = -54. Is w prime?
True
Let l be (-3)/21 + 26/(-14). Is (0 + 3 + l)*77 prime?
False
Let n(b) = b**3 + 9*b**2 - b + 4. Let j be n(-9). Suppose -g + 5*h = -j - 7, 4*h = 12. Is g composite?
True
Let u be (-66)/(-14) - 4/(-14). Suppose -u*k + 2*g + 6 = -0, 4 = 5*k - 3*g. Suppose -5*a - 3*p = -100, -k*a - 5*p + p = -26. Is a prime?
True
Let a be (-1020)/(-7) + 8/28. Let i = a + -54. Suppose -5*r = -13 - i. Is r composite?
True
Let r = -31 + -106. Let t = -90 - r. Is t composite?
False
Suppose -3*f - 17 - 28 = 0. Let t be f/10*(-158)/1. Suppose -h = 2*h - t. Is h a composite number?
False
Let n(f) = 11*f + 1. Let p(j) = -4*j. Let y(q) = -3*n(q) - 8*p(q). Is y(-9) prime?
False
Suppose -46*i + 36085 = -39*i. Is i composite?
True
Let w be (-94)/((-5 + 1)/2). Let r = w - -72. Is r a prime number?
False
Suppose -5*b + 20 = -0*b. Suppose b*f = -3*u + 120, -4*f + 4*u - 83 = -7*f. Is f a prime number?
False
Is (1 + 0)*(121 + -8) composite?
False
Is 146 - 1/2*2 prime?
False
Let v be 0/(7/(14/4)). Suppose -m - 3*w + 155 = -v*w, -3*m = -3*w - 417. Is m prime?
False
Let q be 1*(-3 + 3) + -10. Is (-346)/q - 12/(-30) a prime number?
False
Let j(z) = z**2 - 2*z - 4. Let h be j(4). Suppose -h*p + 32 = 4. Is p a composite number?
False
Let f(n) be the second derivative of -n**5/20 + 7*n**4/12 + 4*n**3/3 - 2*n**2 - 2*n. Let d be f(5). Let u = d + -48. Is u a prime number?
False
Let y(k) = k + 3. Is y(8) composite?
False
Suppose -11786 = -2*k + 4*d, -16*k + 11*k - 2*d = -29525. Is k prime?
True
Suppose 5 = -f + 14. Let s be f/(18/140) - 1. Suppose 8 = i - s. Is i prime?
False
Suppose 5*i - 23 = -f + 4*i, 5*f = -4*i + 115. Suppose f + 12 = 5*t. Is t composite?
False
Suppose -4*u + 20 = 0, z - 3*u = -6*u + 15. Suppose 4*y - 13 = 7. Suppose 55 = y*q - z*q. Is q prime?
True
Is 59806/10 - 30/(-75) composite?
False
Suppose 0 = 3*p - 4*p + 4. Suppose p*r + 5*w = 544, 9*r - 680 = 4*r + w. Let u = r + -59. Is u a prime number?
False
Let x be ((-2)/(-3))/((-8)/(-36)). Suppose -3*k = -4*a + 637, x*a - 326 - 136 = -3*k. Suppose -351 = -4*f + a. Is f a prime number?
True
Suppose -4*t - 3*l + 339 = 0, 4*l + 270 = 3*t + l. Suppose 0 = 4*z + t - 1411. Is z a composite number?
False
Let w = 954 - 397. Is w prime?
True
Let g be 2/((-4)/(-206)) + -3. Is -1 + -1 + g + -5 composite?
True
Suppose 4*f = -3*s + 2, f + 3*s + 10 = 3*f. Suppose f*m - 3 = r, 0 - 1 = m - 3*r. Let c = m - -1. Is c a composite number?
False
Suppose -6*h = -2*h - 4. Is ((-66)/24)/(h/(-8)) prime?
False
Let o = 14 + -7. Suppose 0 = 2*j + 4*t + 8, 0*j + t + o = 2*j. Suppose -32 = -p + j*m, 92 = 5*p - 3*m - 33. Is p prime?
False
Suppose -3*r + 19 = -4*y - 358, -r = -5*y - 122. Is r a prime number?
True
Suppose 5 = 3*q - 4. Suppose -2*d + 41 = -3*g, 3*d - q*g - 91 = -d. Is d prime?
False
Let s = 349 - 194. Suppose -3*h = -h - 6, 2*l = -3*h + s. Let r = 110 - l. Is r a composite number?
False
Suppose -n + 5*o = -334, 2*o + 623 = 2*n + 7*o. Is n a prime number?
False
Suppose -i - 2 = -0. Let z be i/7 + 79/7. Suppose z - 46 = -5*r. Is r composite?
False
Suppose 3 = 3*u - 3. Suppose 224 = u*f - 4*f. Is 6/(-15) + f/(-5) a composite number?
True
Let i be (2 + -2 + 1)*-1. Let l = 7 + i. Is 4/l + 134/6 a composite number?
False
Let v = 7 + -9. Let w = 7 + v. Suppose 4*k = 3*q - w + 33, 5*q = 3*k - 21. Is k a composite number?
False
Let x(v) be the first derivative of -v**3/3 - 6*v**2 - 11*v - 4. Let t be x(-8). Suppose -4*a = t - 1, 4*k + 5*a = 123. Is k a composite number?
False
Let a(l) = 104*l**2 - 8*l - 3. Is a(-4) a prime number?
True
Suppose 0 = -4*o + r - 2 - 10, -5*r - 20 = 0. Is (-1228)/(-16) + (-1)/o prime?
False
Suppose 0 = 2*y - r - 410, 5*y - 2*r - r = 1027. Is y a prime number?
False
Suppose -186 + 71 = -5*u. Is u a prime number?
True
Let q = 642 + -184. Suppose q = 4*m - 714. Is m a prime number?
True
Let m = -8 - -5. Let g(t) = -4*t**3 - 4*t**2 - 4*t + 1. Is g(m) prime?
False
Let k be (3 - 2)*(-2 - -1). Let n be (4 + -99)*(k + 3). Is n*(6/(-4))/3 prime?
False
Let t = 418 + 375. Is t composite?
True
Suppose 3*r - 3*n - 124 = -5*n, 5*n = 3*r - 89. Suppose 0 = -h - 3*d - 37, d - 5*d - r = h. Let y = 65 + h. Is y composite?
False
Let h be 0 - (3/3 - 2). Let z be (8/6*3)/h. Suppose z*m + m - 95 = 0. Is m prime?
True
Suppose 4*j = 594 + 986. Is j a composite number?
True
Let o = 1500 - 767. Is o prime?
True
Suppose 0*j = -4*j - v + 12, 0 = -4*v. Suppose -3*q + 3 = -3*k, q - 5 = j*k + 2. Let x(a) = -3*a**3 - 4*a**2 - 4*a - 2. Is x(k) a prime number?
False
Let f(p) = 4*p**2 + 5*p + 2. Is f(-7) prime?
True
Suppose 0 = 4*b - 3*u - 62, 5*b + 5*u - 95 = -0*b. Let t = b + -2. Is t a composite number?
True
Suppose 3*l - 4*l + 40 = 0. Let o = -27 + l. Is o composite?
False
Let k(i) = 19*i**2 + 4*i - 14. Let j be k(-6). Suppose -3*p = -p - j. Is p prime?
False
Let x = -2261 + 3804. Is x a prime number?
True
Suppose -3*k + 6*k = 0, -4*k = -3*d + 510. Suppose 2*w - d = -5*y, -2*w - w = -y - 255. Is w a prime number?
False
Let q(g) = g**3 + 6*g**2 + 2. Let o be q(-6). Suppose 4*w = -s - 4*s - 60, o*w + 30 = s. Is (-492)/w + 1/5 prime?
False
Suppose 0 = 7*b + 192 - 948. Let l(d) = -d**3 - 6*d**2 + 7*d + 1. Let y be l(-6). Let j = b + y. Is j composite?
False
Let c be 0 + (4 + -3 - -12). Suppose 0 = 4*v - 3*m - c, m = -4*v - 0*v + 17. Suppose -275 = v*x - 9*x. Is x a prime number?
False
Let z(v) = -90*v - 3. Is z(-3) a prime number?
False
Let p = -1 - -15. Let j = -5 - -16. Let t = j + p. Is t a prime number?
False
Suppose x - 2*m - 2*m = 758, 4*x - 3*m = 2993. Is x prime?
False
Let w be -4 + -4*3/(-6). Is w*(-9)/(-6) + 7 a composite number?
True
Is 2/(-8) + 244/16 prime?
False
Let h(g) = 27*g**2 + 8*g + 11. Is h(-4) a composite number?
True
Suppose 0 = -2*o - 4*b + 486, -3*o + 2*o + 2*b = -259. Is o a prime number?
True
Let c(f) = 0*f**2 - 5*f**2 - 2*f**3 - 11 + 6 + 2*f**2 + 2*f. Is c(-4) a prime number?
True
Suppose n - 22 = -3*s + 192, -2*s + 166 = -4*n. Let l = s + -24. Suppose l = i - 4*t, 50 = 2*i + 3*t + t. Is i a composite number?
True
Suppose 0 = -4*y + 1493 + 23. Is y a prime number?
True
Let x(h) = 236*h + 21. Is x(5) composite?
False
Suppose -p + 2*o + 1749 = 0, p - 6986 = -3*p + 3*o. Is (-10)/35 - p/(-7) prime?
False
Suppose 0 = -4*x + 122 + 442. Is x prime?
False
Is 198/(-1 - -4) - -3 a composite number?
True
Let n(w) = -w**3 + w**2 + w + 57. Let l be n(0). Let c = l - 10. Is c composite?
False
Let y(k) = 568*k**2 - 7*k + 2. Is y(3) prime?
False
Let c = 5 - 0. Suppose -u - 5*k - 25 = 0, c*k - k = -2*u - 26. Is (-28 - -2)*u/2 composite?
True
Suppose t = -2*a - 17, 0 = -7*